{"id":91,"date":"2017-08-17T19:55:24","date_gmt":"2017-08-17T19:55:24","guid":{"rendered":"http:\/\/www.larutanatural.cl\/?page_id=91"},"modified":"2017-08-17T20:18:18","modified_gmt":"2017-08-17T20:18:18","slug":"opinion","status":"publish","type":"page","link":"https:\/\/www.larutanatural.cl\/?page_id=91","title":{"rendered":"Opini\u00f3n"},"content":{"rendered":"<p>Columnas de opini\u00f3n de miembros de La Ruta Natural<\/p>\n<li> <a href=\"http:\/\/www.larutanatural.cl\/?p=86\">Hacia una ruta natural<\/a>. Publicada en <a href=\"http:\/\/www.latercera.com\/voces\/hacia-una-ruta-natural\/\">La Tercera, 19 de julio de 2017<\/a>\n<li> <a href=\"http:\/\/www.larutanatural.cl\/?p=94\">La dimensi\u00f3n ambiental de Uber<\/a>. Publicada en <a href=\"http:\/\/www.capital.cl\/negocios\/2017\/08\/10\/142281\/la-dimension-ambiental-de-uber\">Revista Capital, 10 de agosto de 2017<\/a>\n<li><a href=\"http:\/\/www.larutanatural.cl\/?p=97\">Falacia de cambio clim\u00e1tico n\u00famero 1: La tecnolog\u00eda nos salvar\u00e1 a tiempo<\/a>. Publicada en <a href=\"http:\/\/www.capital.cl\/poder\/2017\/07\/05\/141008\/falacia-de-cambio-climatico-numero-1-la-tecnologia-nos-salvara-a-tiempo\">Revista Capital, 5 de julio de 2017<\/a>\n<li><a href=\"http:\/\/www.larutanatural.cl\/?p=100\">Falacia de cambio clim\u00e1tico n\u00famero 2: Inacci\u00f3n por existencia de necesidades m\u00e1s urgentes<\/a>. Publicada en <a href=\"http:\/\/www.capital.cl\/opinion\/2017\/07\/07\/141145\/falacia-de-cambio-climatico-numero-2-inaccion-por-existencia-de-necesidades-mas-urgentes\">Revista Capital, 7 de julio de 2017<\/a>\n<li><a href=\"http:\/\/www.larutanatural.cl\/?p=102\">Falacia de cambio clim\u00e1tico n\u00famero 3: Es una pelea de perros grandes<\/a>. Publicada en <a href=\"http:\/\/www.capital.cl\/opinion\/2017\/07\/10\/141202\/falacia-de-cambio-climatico-numero-3-es-una-pelea-de-perros-grandes\">Revista Capital, 10 de julio de 2017<\/a> y en <a href=\"http:\/\/impresa.lasegunda.com\/2017\/08\/05\/A\/DM377CV5\/all\">La Segunda, 5 de agosto de 2017<\/a><br \/>\n","protected":false},"excerpt":{"rendered":"<p>Columnas de opini\u00f3n de miembros de La Ruta Natural Hacia una ruta natural. Publicada en La Tercera, 19 de julio de 2017 La dimensi\u00f3n ambiental de Uber. Publicada en Revista Capital, 10 de agosto de 2017 Falacia de cambio clim\u00e1tico n\u00famero 1: La tecnolog\u00eda nos salvar\u00e1 a tiempo. Publicada en Revista Capital, 5 de julio [&hellip;]<\/p>\n","protected":false},"author":2,"featured_media":0,"parent":0,"menu_order":0,"comment_status":"closed","ping_status":"closed","template":"","meta":[],"_links":{"self":[{"href":"https:\/\/www.larutanatural.cl\/index.php?rest_route=\/wp\/v2\/pages\/91"}],"collection":[{"href":"https:\/\/www.larutanatural.cl\/index.php?rest_route=\/wp\/v2\/pages"}],"about":[{"href":"https:\/\/www.larutanatural.cl\/index.php?rest_route=\/wp\/v2\/types\/page"}],"author":[{"embeddable":true,"href":"https:\/\/www.larutanatural.cl\/index.php?rest_route=\/wp\/v2\/users\/2"}],"replies":[{"embeddable":true,"href":"https:\/\/www.larutanatural.cl\/index.php?rest_route=%2Fwp%2Fv2%2Fcomments&post=91"}],"version-history":[{"count":4,"href":"https:\/\/www.larutanatural.cl\/index.php?rest_route=\/wp\/v2\/pages\/91\/revisions"}],"predecessor-version":[{"id":107,"href":"https:\/\/www.larutanatural.cl\/index.php?rest_route=\/wp\/v2\/pages\/91\/revisions\/107"}],"wp:attachment":[{"href":"https:\/\/www.larutanatural.cl\/index.php?rest_route=%2Fwp%2Fv2%2Fmedia&parent=91"}],"curies":[{"name":"wp","href":"https:\/\/api.w.org\/{rel}","templated":true}]}}